1) to base 9
-451
1 (base 2) to base 13
1
What is -4e (base 15) in base 11?
-68
-2 (base 16) to base 2
-10
22 (base 12) to base 13
20
Convert 17 (base 15) to base 4.
112
-1 (base 12) to base 11
-1
Convert -110 (base 6) to base 12.
-36
-414 (base 7) to base 2
-11001111
Convert 5 (base 6) to base 2.
101
Convert 12 (base 5) to base 12.
7
What is -1 (base 16) in base 3?
-1
What is 1313 (base 4) in base 11?
a9
What is -14 (base 9) in base 12?
-11
12 (base 5) to base 13
7
Convert 1c (base 16) to base 9.
31
2 (base 13) to base 5
2
What is -6 (base 12) in base 6?
-10
0 (base 4) to base 13
0
What is 102 (base 3) in base 9?
12
What is 0 (base 6) in base 9?
0
Convert 11212 (base 3) to base 4.
2003
What is -13 (base 5) in base 3?
-22
What is 7 (base 8) in base 16?
7
What is -3 (base 9) in base 8?
-3
What is 2111 (base 3) in base 6?
151
Convert 21 (base 3) to base 6.
11
What is 65 (base 12) in base 15?
52
1 (base 7) to base 4
1
Convert 9 (base 11) to base 4.
21
92 (base 11) to base 15
6b
-20 (base 3) to base 13
-6
Convert 100 (base 2) to base 4.
10
What is 18 (base 11) in base 2?
10011
What is -1c (base 13) in base 5?
-100
23 (base 16) to base 14
27
-342 (base 9) to base 6
-1145
Convert 44 (base 8) to base 14.
28
Convert 2 (base 11) to base 4.
2
102 (base 4) to base 10
18
-4 (base 10) to base 11
-4
-6 (base 14) to base 15
-6
-144 (base 8) to base 12
-84
Convert -2 (base 8) to base 10.
-2
What is 23 (base 12) in base 2?
11011
9 (base 15) to base 10
9
What is -3 (base 5) in base 2?
-11
3 (base 13) to base 3
10
What is bb (base 13) in base 6?
414
0 (base 8) to base 4
0
What is 245 (base 6) in base 16?
65
Convert 3 (base 10) to base 12.
3
What is 14 (base 16) in base 13?
17
15 (base 8) to base 5
23
Convert -57 (base 10) to base 6.
-133
12 (base 7) to base 10
9
Convert -212 (base 3) to base 5.
-43
200 (base 5) to base 13
3b
43 (base 8) to base 12
2b
Convert 2 (base 16) to base 12.
2
Convert -8 (base 16) to base 12.
-8
What is -f (base 16) in base 10?
-15
Convert 103 (base 4) to base 10.
19
18 (base 14) to base 13
19
1323 (base 4) to base 3
11120
What is 0 (base 9) in base 8?
0
What is -1012 (base 5) in base 14?
-96
-25 (base 6) to base 7
-23
What is -114 (base 9) in base 3?
-10111
Convert -8 (base 10) to base 12.
-8
-1d (base 16) to base 14
-21
Convert 16 (base 11) to base 16.
11
-3 (base 12) to base 10
-3
Convert -25 (base 16) to base 12.
-31
-20 (base 13) to base 15
-1b
What is 43 (base 7) in base 6?
51
-3 (base 16) to base 8
-3
Convert -10 (base 5) to base 7.
-5
What is 10 (base 3) in base 2?
11
What is -2 (base 10) in base 4?
-2
Convert -124 (base 13) to base 7.
-403
What is -4 (base 11) in base 2?
-100
What is 30 (base 5) in base 13?
12
Convert -210 (base 4) to base 12.
-30
What is 100 (base 15) in base 4?
3201
Convert 1 (base 10) to base 5.
1
Convert 4 (base 7) to base 13.
4
-6 (base 14) to base 11
-6
Convert -11 (base 9) to base 10.
-10
What is -38 (base 10) in base 7?
-53
-3 (base 14) to base 3
-10
-1 (base 11) to base 14
-1
Convert -33 (base 8) to base 14.
-1d
What is 11 (base 2) in base 4?
3
Convert 17 (base 12) to base 6.
31
-1d (base 14) to base 7
-36
-12 (base 4) to base 7
-6
Convert 0 (base 3) to base 13.
0
Convert 30 (base 9) to base 4.
123
What is 1 (base 14) in base 2?
1
-2 (base 15) to base 8
-2
-5 (base 13) to base 2
-101
What is -42 (base 5) in base 3?
-211
5 (base 13) to base 3
12
Convert 10 (base 6) to base 15.
6
Convert 4 (base 10) to base 16.
4
Convert 114 (base 10) to base 11.
a4
14 (base 5) to base 14
9
6 (base 12) to base 8
6
Convert 2 (base 8) to base 4.
2
-213 (base 13) to base 4
-11202
What is -235 (base 10) in base 5?
-1420
Convert -3 (base 12) to base 4.
-3
Convert 5 (base 11) to base 12.
5
Convert 61 (base 16) to base 10.
97
Convert 20 (base 8) to base 10.
16
What is -1100 (base 4) in base 7?
-143
Convert 10 (base 5) to base 13.
5
What is 10 (base 2) in base 12?
2
What is -3 (base 16) in base 14?
-3
What is 39 (base 16) in base 5?
212
What is 10 (base 2) in base 10?
2
Convert 9 (base 13) to base 9.
10
Convert 11 (base 7) to base 4.
20
What is 1 (base 10) in base 16?
1
131 (base 4) to base 8
35
Convert 51 (base 7) to base 11.
33
Convert -10111101 (base 2) to base 16.
-bd
What is 4 (base 16) in base 12?
4
Convert -244 (base 11) to base 7.
-563
73 (base 10) to base 12
61
What is -ba (base 14) in base 2?
-10100100
What is 11 (base 14) in base 3?
120
-23 (base 4) to base 10
-11
Convert 1110 (base 2) to base 7.
20
What is 3001 (base 5) in base 10?
376
Convert b (base 16) to base 7.
14
Convert 10 (base 7) to base 10.
7
Convert -be (base 15) to base 8.
-263
What is 21 (base 8) in base 3?
122
What is 175 (base 9) in base 13?
b6
Convert 0 (base 11) to base 4.
0
What is 6 (base 9) in base 14?
6
What is -20 (base 16) in base 7?
-44
7 (base 14) to base 4
13
Convert -102 (base 4) to base 11.
-17
What is -40 (base 6) in base 14?
-1a
What is 346 (base 9) in base 7?
555
13 (base 5) to base 4
20
Convert -6 (base 11) to base 4.
-12
What is -5 (base 8) in base 7?
-5
2 (base 5) to base 11
2
Convert -1011 (base 3) to base 8.
-37
211 (base 3) to base 7
31
What is 20 (base 12) in base 16?
18
What is -124 (base 10) in base 14?
-8c
-24 (base 6) to base 10
-16
-45 (base 14) to base 7
-115
-9 (base 15) to base 10
-9
Convert 33 (base 6) to base 11.
1a
3 (base 15) to base 12
3
What is 102 (base 3) in base 13?
b
What is 4 (base 9) in base 7?
4
Convert 1a (base 12) to base 16.
16
-f (base 16) to base 13
-12
What is 211 (base 3) in base 2?
10110
What is 1 (base 12) in base 7?
1
-3 (base 16) to base 12
-3
Convert 2 (base 14) to base 11.
2
Convert 115 (base 6) to base 3.
1202
7a (base 12) to base 5
334
What is 8 (base 15) in base 3?
22
What is 11 (base 15) in base 3?
121
What is 7 (base 13) in base 12?
7
Convert -8 (base 10) to base 13.
-8
Convert 11 (base 4) to base 15.
5
-9a (base 13) to base 15
-87
What is -167 (base 11) in base 10?
-194
-105 (base 8) to base 7
-126
Convert 101 (base 2) to base 4.
11
Convert -54 (base 9) to base 7.
-100
Convert 6 (base 11) to base 15.
6
0 (base 8) to base 10
0
Convert 2 (base 3) to base 2.
10
Convert 4 (base 10) to base 2.
100
-1001 (base 7) to base 14
-1a8
Convert -242 (base 5) to base 12.
-60
-1 (base 2) to base 5
-1
Convert -15 (base 13) to base 8.
-22
30 (base 7) to base 11
1a
Convert 1012 (base 6) to base 15.
ee
Convert -4 (base 13) to base 10.
-4
-29 (base 11) to base 8
-37
What is -1 (base 2) in base 7?
-1
62 (base 8) to base 4
302
What is 258 (base 11) in base 12?
215
1 (base 3) to base 4
1
What is 1000 (base 4) in base 15?
44
What is 135 (base 6) in base 2?
111011
Convert 54 (base 6) to base 3.
1021
What is 1012 (base 3) in base 12?
28
What is 7 (base 13) in base 8?
7
Convert -1100 (base 2) to base 14.
-c
Convert 19 (base 13) to base 16.
16
Convert 131 (base 5) to base 11.
38
What is -7 (base 16) in base 10?
-7
What is -29 (base 13) in base 4?
-203
Convert 1100 (base 2) to base 12.
10
Convert 12 (base 3) to base 9.
5
What is -56 (base 7) in base 11?
-38
Convert -3 (base 5) to base 15.
-3
What is -4 (base 16) in base 4?
-10
10 (base 6) to base 2
110
Convert 1b (base 13) to base 11.
22
Convert 3 (base 6) to base 3.
10
Convert 1010 (base 2) to base 6.
14
-2 (base 10) to base 5
-2
Convert -24 (base 8) to base 7.
-26
Convert 14c (base 14) to base 4.
10020
Convert 1001 (base 6) to base 2.
11011001
What is 16 (base 14) in base 13?
17
6 (base 14) to base 6
10
-21 (base 10) to base 12
-19
-1223 (base 4) to base 15
-72
What is -1 (base 3) in base 11?
-1
What is -3 (base 7) in base 9?
-3
Convert -166 (base 9) to base 5.
-1031
Convert -2b (base 12) to base 13.
-29
-258 (base 9) to base 14
-115
Convert -40 (base 6) to base 4.
-120
-112 (base 14) to base 9
-255
4 (base 5) to base 3
11
-5 (base 12) to base 13
-5
What is -23 (base 9) in base 13?
-18
Convert -1 (base 10) to base 9.
-1
49 (base 12) to base 5
212
What is -23 (base 14) in base 16?
-1f
Convert 1 (base 11) to base 7.
1
Convert 2 (base 8) to base 4.
2
-211 (base 3) to base 7
-31
1e (base 16) to base 13
24
What is -10 (base 8) in base 10?
-8
What is 31 (base 4) in base 12?
11
a (base 13) to base 9
11
-33 (base 14) to base 4
-231
Convert -3 (base 16) to base 13.
-3
What is -8 (base 11) in base 6?
-12
-1 (base 8) to base 11
-1
Convert 8 (base 14) to base 12.
8
Convert -21